What are the prime factors of s?
2, 3, 127
Let h(f) = 4*f**3 - 8*f**2 + 2*f + 3. List the prime factors of h(5).
313
Let f = -49 - -94. Suppose 2*j = 3*r - 11, -2*r + 2*j + 6 = -2. List the prime factors of (r/1)/(9/f).
3, 5
Let s(y) = -2*y + 89. What are the prime factors of s(34)?
3, 7
Let u(b) be the first derivative of -b + 47/2*b**2 - 4. List the prime factors of u(1).
2, 23
Let u = 11 - -18. What are the prime factors of u?
29
Let v be (-1 - 1)/(-4) + 10/4. Suppose 0 = v*s - 54 - 6. List the prime factors of s.
2, 5
Suppose 12 = 4*m + 5*v, 4*m - 5*v - 20 = 32. Let s = -38 + 56. Let l = s + m. What are the prime factors of l?
2, 13
Suppose -3*f + 6*f - 30 = 0. Let q be (-4)/f - (-1560)/25. Let m = -31 + q. List the prime factors of m.
31
Suppose 0 = 168*u - 170*u + 430. What are the prime factors of u?
5, 43
Let c = -83 - -360. Let h = c + -89. List the prime factors of h.
2, 47
Let t = -275 + 749. List the prime factors of t.
2, 3, 79
Suppose -5*r - 3070 = -i - 659, 3*r - 9690 = -4*i. List the prime factors of i.
3, 269
What are the prime factors of 443 - (2 + -7) - 7?
3, 7
Suppose -6 = 2*s, -7*s = 3*a - 4*s + 1215. What are the prime factors of (((-20)/(-3))/5)/((-4)/a)?
2, 67
Suppose -5*r + 26 + 24 = 0. Let t be (r + 2)*(-3)/(-9). Suppose t*b - 55 = 57. List the prime factors of b.
2, 7
What are the prime factors of 8*((-150)/(-4) - -7)?
2, 89
Suppose -19365 = -25*k + 40885. List the prime factors of k.
2, 5, 241
Let x(o) = -o**3 + 19*o**2 - 11*o + 37. Suppose 2*d - 42 = -2*b, 4*d - 27 = -b + d. List the prime factors of x(b).
163
Suppose 5*s - 785 - 815 = 0. Suppose 4*r - 4*b + 347 = -r, -5*b = 5*r + s. What are the prime factors of (-9)/12 + r/(-4)?
2
Suppose -i - 2 = -5. Suppose t + 27 = n, 0 = i*n - t - 0*t - 79. What are the prime factors of n?
2, 13
Let u = 249 - -182. List the prime factors of u.
431
Let z(h) be the second derivative of 3*h**4/8 - 2*h**3/3 + h**2 + 6*h. Let f(a) be the first derivative of z(a). List the prime factors of f(5).
41
Let u(c) = -2*c**2 - 13*c - 10. Let s(p) = -2*p**2 - 14*p - 11. Let n(t) = 3*s(t) - 4*u(t). What are the prime factors of n(-9)?
79
Let k(z) = -z**2 - 15*z - 7. Let l be k(-11). Suppose v = -1, -3*v - l = 3*m - 5*v. Let g = 13 - m. What are the prime factors of g?
2, 13
Let u = -11191 - 13124. List the prime factors of u/(-135) + (-1)/9.
2, 3, 5
Suppose -12 = -3*b, -2*b - 76 = 5*o - 6*b. List the prime factors of (0 + 4)*(-42)/o.
2, 7
Let f = 35 - -17. Let h(m) = -m**3 + m + 2. Let s be h(0). Suppose 4*p + 33 = a + 13, -4*a + s*p + f = 0. List the prime factors of a.
2, 3
Let b(j) = -44*j + 26. Let k be b(-5). Suppose -10*z + k = -8*z. List the prime factors of z.
3, 41
What are the prime factors of (-1)/(-5) + 41140/50?
823
Suppose -6*c + 3*c + 5*k = -747, -2*k = -6. Let v = c + -146. What are the prime factors of v?
2, 3
Suppose -10*a + 20*a = 8090. What are the prime factors of a?
809
Let n(b) = -b**2 - b + 1. Let a be n(1). Let z be (-2 - a)*(2 + -1). What are the prime factors of 3 + (z - 5) + 29?
2, 13
Suppose -4*w = 11 + 1, 3*f - 4*w - 48 = 0. Let y(c) = -c**3 + 13*c**2 - 11*c + 19. List the prime factors of y(f).
31
Let y be ((-68)/(-12) - 5)/((-2)/(-54)). Suppose 11 = 2*c - 1. Suppose 4*r - y = c. What are the prime factors of r?
2, 3
Suppose 0 = -13*m - 6*m + 456. Let w = -38 - -62. Let y = w + m. List the prime factors of y.
2, 3
Let q = -57 + 112. Let h = 152 - q. List the prime factors of h.
97
Suppose 2*a - 20 = -3*n, 2*n + 3*n - 10 = 0. Let o(k) = -10 + a*k - 14 + 9*k + 9 - k**2. List the prime factors of o(13).
2, 3
Suppose 119*m = 120*m + 600. What are the prime factors of (-4)/(-3) + -1 + m/(-9)?
67
Suppose -6*p + 168 = p. Suppose -d - 2 + 4 = 0. Suppose -70 = -d*j - r, -2*j + 5*r = -j - p. What are the prime factors of j?
2, 17
Suppose -3*f + 2*f - 5*i = -26, 5*f = -2*i + 84. Suppose 6*w = 10*w - f. Suppose -6*x + 68 = -w*x. What are the prime factors of x?
2, 17
Let t(z) = -82*z - 25. List the prime factors of t(-5).
5, 7, 11
Suppose b - 10 + 5 = 0. Suppose -4*u = -4*h + 48, 0 = -3*h + b*h + 4*u - 12. Suppose -t + 3*t = h. What are the prime factors of t?
5
Let a = 37 + -32. Suppose 485 = a*n - 75. What are the prime factors of n?
2, 7
Let u = -19 - -21. What are the prime factors of ((-10)/15)/(u/(-366))?
2, 61
Suppose -4*v = 4*y - 108, -10*y + 9*y - 5*v = -15. Let a = y + 220. List the prime factors of a.
2, 5
Let g be 12*(1 - (6/2)/6). Suppose -g*t + 8*t = 182. List the prime factors of t.
7, 13
Suppose -1017 = -4*g + 4*l + 2675, -2*g + 1847 = -3*l. List the prime factors of g.
2, 461
Suppose 368 = -5*j + 63. Let q = -111 - j. Let o = q - -94. List the prime factors of o.
2, 11
Suppose -i + 45 = -6*i. Let k(w) = 6*w - 8*w + 14 - 17. What are the prime factors of k(i)?
3, 5
Let z = 16 - 9. Let u(w) be the second derivative of w**3/3 + w**2 + 2*w. List the prime factors of u(z).
2
What are the prime factors of ((-41208)/(-32))/3*8?
2, 17, 101
Suppose b = -2*g + 697, -5*g + 2*b + 1739 = b. What are the prime factors of g?
2, 3, 29
Suppose 71*k - 72*k - 5*p = -2615, -5*p + 13075 = 5*k. What are the prime factors of k?
5, 523
Let t(j) = -20*j + 11*j + 18 + j**2 + 10*j. List the prime factors of t(-9).
2, 3, 5
Let p = -5 + 12. Let w = p - 7. Suppose -4*m + 2*f + 18 = 7*f, -5*f - 10 = w. List the prime factors of m.
7
Let w = 5 - 28. Let i = 4 - w. Suppose 0 = -2*b + 75 - i. What are the prime factors of b?
2, 3
Let c(a) be the first derivative of a**4/4 - 5*a**3/3 + 2*a**2 + 6*a - 14. List the prime factors of c(4).
2, 3
Let o(f) = -1000*f**3 - 4*f**2 - 4*f - 3. Let x be o(-2). List the prime factors of x/39 - 2/(-13).
5, 41
Suppose -88 - 1352 = -6*z. Let i = -140 + z. What are the prime factors of i?
2, 5
What are the prime factors of (-48)/6 + 9 + 430?
431
Let i be 48/(-9) - (-4)/3. What are the prime factors of (-6)/i + 190/20?
11
Let m(y) be the third derivative of 0*y - 1/3*y**3 - 5/4*y**4 + 0 - 9*y**2. What are the prime factors of m(-1)?
2, 7
Let w(y) = -10*y**3 + 3*y**2 - 3*y + 1. Let i be (-1)/(-4)*(9 + -5). Let u be w(i). What are the prime factors of 20/((-8)/2)*u?
3, 5
Let w = 3211 + -1074. List the prime factors of w.
2137
Let x be (2*(-4)/(-24))/((-2)/(-36)). Suppose -x*s + s - 4*k + 1377 = 0, -5*k = -5*s + 1350. List the prime factors of s.
3, 7, 13
Suppose 0 = -45*l - 40*l + 438940. List the prime factors of l.
2, 1291
Let b(q) = -2*q**3 + 11*q**2 + 2*q + 5. Let k be b(6). Let w = k - -45. Let x = -5 + w. List the prime factors of x.
3, 7
Let v = 151 - -1879. What are the prime factors of v?
2, 5, 7, 29
What are the prime factors of 28/98 - (-10)/14 - -905?
2, 3, 151
Let z = -25 + 115. Let v = z + -39. What are the prime factors of v?
3, 17
Let n = 31 - 26. Suppose -n*p = -2*p - 12. Suppose -4*i - 46 = -b - b, b - p*i - 33 = 0. List the prime factors of b.
13
Let i = -36 + 40. Let k be i/(-16) - (-34)/8. Suppose w = k*w - 120. What are the prime factors of w?
2, 5
Let u(t) be the second derivative of 0 + 11/6*t**3 - 1/12*t**4 + 5/2*t**2 - 8*t. What are the prime factors of u(11)?
5
Suppose 0 = -81*r + 85*r - 24. Suppose 11*m = -r*m + 136. List the prime factors of m.
2
Suppose 2*h = 10 - 2. Suppose -d = 3*a + 17, -3*a = -2*a + h*d + 13. What are the prime factors of ((-1)/(-3))/(a/(-660))?
2, 11
Suppose -2*q + 1 + 7 = 0. Suppose q*u + 18 = 6*u. List the prime factors of 1/(3/u) + -1.
2
Let r be (4/(-3))/((-2)/3). Let n = 109 + -33. List the prime factors of n/2 - r/(-1).
2, 5
Suppose -14 = -4*k - 2. What are the prime factors of 4/(-6)*k/2*-19?
19
Let o = 100 - 393. Let z = -114 - o. What are the prime factors of z?
179
Let t be 10/4*(-48)/40. List the prime factors of ((-12 - -2)*t)/((-4)/(-14)).
3, 5, 7
Let r(i) = i**3 + 5*i**2 - 3*i - 4. Let v be r(-5). Suppose -4*z - 196 = -4*a, -2*a - 3*z + 78 = -z. What are the prime factors of 1108/a + (-2)/v?
5
Let b = -316 - -789. What are the prime factors of b?
11, 43
Suppose -4*p + 0*r - 52 = 5*r, -2*p - 3*r - 28 = 0. Let d = -260 + p. What are the prime factors of (-24)/132 - d/22?
2, 3
Let t(a) = -24*a + 19. Let f be t(-14). Suppose -34*p - f = -39*p. What are the prime factors of p?
71
Let x = 922 + -314. What are the prime factors of x?
2, 19
Let u(w) = -2*w - 6. Let x be u(-5). Let h be ((-145)/(-5))